{"id":4697,"date":"2021-05-04T12:50:05","date_gmt":"2021-05-04T10:50:05","guid":{"rendered":"https:\/\/www.fsg-ruethen.de\/wp\/?page_id=4697"},"modified":"2023-10-17T09:40:11","modified_gmt":"2023-10-17T07:40:11","slug":"wechsel-von-einer-anderen-schulform","status":"publish","type":"page","link":"https:\/\/www.fsg-ruethen.de\/fsg\/wechsel-von-einer-anderen-schulform\/","title":{"rendered":"Wechsel von einer anderen Schulform"},"content":{"rendered":"\n<h1 class=\"wp-block-heading\">Ankommen am Friedrich-Spee-Gymnasium<\/h1>\n\n\n\n<h2 class=\"wp-block-heading\">Die Einf\u00fchrungsphase<\/h2>\n\n\n\n<p>Seit vielen Jahren wechseln Sch\u00fclerinnen und Sch\u00fcler von den umliegenden weiterf\u00fchrenden Schulen in R\u00fcthen, B\u00fcren, Warstein und Anr\u00f6chte in unsere Oberstufe. Die Sch\u00fclerinnen und Sch\u00fcler, die mit Qualifikationsvermerk aus den zehnten Klassen anderer Schulformen an das FSG wechseln, bilden mit den Sch\u00fclerinnen und Sch\u00fclern aus der Jahrgangsstufe 10 des FSG die neue Stufe Einf\u00fchrungsphase (EF).<\/p>\n\n\n\n<p>Neben der Schulhomepage und individuellen Beratungsterminen mit dem Oberstufenkoordinator Herr D\u00f6pp (<a href=\"mailto:doepp@fsgrue.de\">doepp@fsgrue.de<\/a>) bietet der j\u00e4hrliche \u201eTag der offenen T\u00fcr\u201c eine gute M\u00f6glichkeit das FSG kennenzulernen und sich \u00fcber die gymnasiale Oberstufe zu informieren.<\/p>\n\n\n\n<h2 class=\"wp-block-heading\">Individuelles Erkunden Deiner neuen Schule durch einen \u201cSchnuppertag\u201d<\/h2>\n\n\n\n<p>Ein \u201eSchnuppertag\u201c f\u00fcr Sch\u00fclerinnen und Sch\u00fcler der neunten Klassen der umliegenden weiterf\u00fchrenden Schulen, die sich f\u00fcr die gymnasiale Oberstufe am FSG interessieren, ist ebenfalls m\u00f6glich. Sie erhalten die M\u00f6glichkeit einen Tag lang den Unterricht in der Einf\u00fchrungsphase zu erleben und werden dabei von einem Sch\u00fcler oder einer Sch\u00fclerin dieser Stufe begleitet. Nat\u00fcrlich besteht auch die M\u00f6glichkeit, ein erstes Beratungsgespr\u00e4ch wahrzunehmen.<\/p>\n\n\n\n<h2 class=\"wp-block-heading\">Ermutigende und intensive Beratung beim \u00dcbergang<\/h2>\n\n\n\n<p>Des Weiteren erleichtern viele schulorganisatorische Strukturen am FSG den \u00dcbergang an die neue Schule. Es wird sehr viel Wert auf eine ermutigende, intensive Beratung gelegt. Die Stufenleiter*innen beraten bei der F\u00e4cherwahl und der Laufbahnplanung und beantworten alle individuellen Fragen.<\/p>\n\n\n\n<h2 class=\"wp-block-heading\">In der \u201cLernzeit\u201d L\u00fccken aufarbeiten<\/h2>\n\n\n\n<p>In der Einf\u00fchrungsphase w\u00e4hlen alle Sch\u00fclerinnen und Sch\u00fcler die sogenannte \u201eLernzeit\u201c. Dabei handelt es sich um ein w\u00f6chentlich stattfindendes F\u00f6rder- und Vertiefungsangebot in den F\u00e4chern Deutsch, Mathematik und Englisch Die Sch\u00fclerinnen und Sch\u00fcler k\u00f6nnen mehrmals im Schuljahr individuell nach Thema entscheiden, in welchem der drei F\u00e4cher sie die Lernzeit besuchen. Dadurch k\u00f6nnen individuelle Schwierigkeiten oder auch inhaltliche L\u00fccken aufgearbeitet werden.<\/p>\n","protected":false},"excerpt":{"rendered":"<p>Ankommen am Friedrich-Spee-Gymnasium Die Einf\u00fchrungsphase Seit vielen Jahren wechseln Sch\u00fclerinnen und Sch\u00fcler von den umliegenden weiterf\u00fchrenden Schulen in R\u00fcthen, B\u00fcren, Warstein und Anr\u00f6chte in unsere Oberstufe. Die Sch\u00fclerinnen und Sch\u00fcler, [&hellip;]<\/p>\n","protected":false},"author":1,"featured_media":0,"parent":0,"menu_order":0,"comment_status":"closed","ping_status":"closed","template":"","meta":{"ocean_post_layout":"","ocean_both_sidebars_style":"","ocean_both_sidebars_content_width":0,"ocean_both_sidebars_sidebars_width":0,"ocean_sidebar":"ocs-informationen-fuer-neue-oberstufenschuelerinnen","ocean_second_sidebar":"0","ocean_disable_margins":"enable","ocean_add_body_class":"","ocean_shortcode_before_top_bar":"","ocean_shortcode_after_top_bar":"","ocean_shortcode_before_header":"","ocean_shortcode_after_header":"","ocean_has_shortcode":"","ocean_shortcode_after_title":"","ocean_shortcode_before_footer_widgets":"","ocean_shortcode_after_footer_widgets":"","ocean_shortcode_before_footer_bottom":"","ocean_shortcode_after_footer_bottom":"","ocean_display_top_bar":"default","ocean_display_header":"default","ocean_header_style":"","ocean_center_header_left_menu":"0","ocean_custom_header_template":"0","ocean_custom_logo":0,"ocean_custom_retina_logo":0,"ocean_custom_logo_max_width":0,"ocean_custom_logo_tablet_max_width":0,"ocean_custom_logo_mobile_max_width":0,"ocean_custom_logo_max_height":0,"ocean_custom_logo_tablet_max_height":0,"ocean_custom_logo_mobile_max_height":0,"ocean_header_custom_menu":"0","ocean_menu_typo_font_family":"0","ocean_menu_typo_font_subset":"","ocean_menu_typo_font_size":0,"ocean_menu_typo_font_size_tablet":0,"ocean_menu_typo_font_size_mobile":0,"ocean_menu_typo_font_size_unit":"px","ocean_menu_typo_font_weight":"","ocean_menu_typo_font_weight_tablet":"","ocean_menu_typo_font_weight_mobile":"","ocean_menu_typo_transform":"","ocean_menu_typo_transform_tablet":"","ocean_menu_typo_transform_mobile":"","ocean_menu_typo_line_height":0,"ocean_menu_typo_line_height_tablet":0,"ocean_menu_typo_line_height_mobile":0,"ocean_menu_typo_line_height_unit":"","ocean_menu_typo_spacing":0,"ocean_menu_typo_spacing_tablet":0,"ocean_menu_typo_spacing_mobile":0,"ocean_menu_typo_spacing_unit":"","ocean_menu_link_color":"","ocean_menu_link_color_hover":"","ocean_menu_link_color_active":"","ocean_menu_link_background":"","ocean_menu_link_hover_background":"","ocean_menu_link_active_background":"","ocean_menu_social_links_bg":"","ocean_menu_social_hover_links_bg":"","ocean_menu_social_links_color":"","ocean_menu_social_hover_links_color":"","ocean_disable_title":"default","ocean_disable_heading":"default","ocean_post_title":"","ocean_post_subheading":"","ocean_post_title_style":"background-image","ocean_post_title_background_color":"","ocean_post_title_background":4698,"ocean_post_title_bg_image_position":"","ocean_post_title_bg_image_attachment":"","ocean_post_title_bg_image_repeat":"","ocean_post_title_bg_image_size":"","ocean_post_title_height":500,"ocean_post_title_bg_overlay":0.5,"ocean_post_title_bg_overlay_color":"","ocean_disable_breadcrumbs":"default","ocean_breadcrumbs_color":"","ocean_breadcrumbs_separator_color":"","ocean_breadcrumbs_links_color":"","ocean_breadcrumbs_links_hover_color":"","ocean_display_footer_widgets":"default","ocean_display_footer_bottom":"default","ocean_custom_footer_template":"0","omw_enable_modal_window":"enable","footnotes":""},"class_list":["post-4697","page","type-page","status-publish","hentry","entry"],"_links":{"self":[{"href":"https:\/\/www.fsg-ruethen.de\/fsg\/wp-json\/wp\/v2\/pages\/4697","targetHints":{"allow":["GET"]}}],"collection":[{"href":"https:\/\/www.fsg-ruethen.de\/fsg\/wp-json\/wp\/v2\/pages"}],"about":[{"href":"https:\/\/www.fsg-ruethen.de\/fsg\/wp-json\/wp\/v2\/types\/page"}],"author":[{"embeddable":true,"href":"https:\/\/www.fsg-ruethen.de\/fsg\/wp-json\/wp\/v2\/users\/1"}],"replies":[{"embeddable":true,"href":"https:\/\/www.fsg-ruethen.de\/fsg\/wp-json\/wp\/v2\/comments?post=4697"}],"version-history":[{"count":0,"href":"https:\/\/www.fsg-ruethen.de\/fsg\/wp-json\/wp\/v2\/pages\/4697\/revisions"}],"wp:attachment":[{"href":"https:\/\/www.fsg-ruethen.de\/fsg\/wp-json\/wp\/v2\/media?parent=4697"}],"curies":[{"name":"wp","href":"https:\/\/api.w.org\/{rel}","templated":true}]}}