{"id":4693,"date":"2021-05-04T12:41:23","date_gmt":"2021-05-04T10:41:23","guid":{"rendered":"https:\/\/www.fsg-ruethen.de\/wp\/?page_id=4693"},"modified":"2025-11-24T18:08:32","modified_gmt":"2025-11-24T17:08:32","slug":"unterrichtsfaecher-in-der-oberstufe","status":"publish","type":"page","link":"https:\/\/www.fsg-ruethen.de\/fsg\/unterrichtsfaecher-in-der-oberstufe\/","title":{"rendered":"Unterrichtsf\u00e4cher in der Oberstufe"},"content":{"rendered":"\n<h1 class=\"wp-block-heading\">Aufgabenfelder<\/h1>\n\n\n\n<p>Die F\u00e4cher der Oberstufe sind verschiedenen Aufgabenfeldern zugeordnet. Hier sind die F\u00e4cher aufgef\u00fchrt, die bei uns angeboten werden:<\/p>\n\n\n\n<h2 class=\"wp-block-heading\">Aufgabenfeld 1 (sprachlich-literarisch-k\u00fcnstlerisch)<\/h2>\n\n\n\n<ul class=\"wp-block-list\">\n<li>Deutsch<\/li>\n\n\n\n<li>Englisch<\/li>\n\n\n\n<li>Franz\u00f6sisch<\/li>\n\n\n\n<li>Spanisch<\/li>\n\n\n\n<li>Spanisch (neu einsetzend)<\/li>\n\n\n\n<li>Kunst<\/li>\n\n\n\n<li>Musik<\/li>\n\n\n\n<li>Literatur<\/li>\n<\/ul>\n\n\n\n<h2 class=\"wp-block-heading\">Aufgabenfeld 2 (gesellschaftswissenschaftlich)<\/h2>\n\n\n\n<ul class=\"wp-block-list\">\n<li>Erdkunde<\/li>\n\n\n\n<li>Geschichte<\/li>\n\n\n\n<li>P\u00e4dagogik<\/li>\n\n\n\n<li>Sozialwissenschaften<\/li>\n\n\n\n<li>Philosophie<\/li>\n<\/ul>\n\n\n\n<h2 class=\"wp-block-heading\">Aufgabenfeld 3 (mathematisch-naturwissenschaftlich-technisch)<\/h2>\n\n\n\n<ul class=\"wp-block-list\">\n<li>Mathematik<\/li>\n\n\n\n<li>Chemie<\/li>\n\n\n\n<li>Biologie<\/li>\n\n\n\n<li>Physik<\/li>\n\n\n\n<li>Informatik<\/li>\n<\/ul>\n\n\n\n<h2 class=\"wp-block-heading\">Ohne festes Aufgabenfeld<\/h2>\n\n\n\n<ul class=\"wp-block-list\">\n<li>Religionslehre<\/li>\n\n\n\n<li>Sport<\/li>\n<\/ul>\n\n\n\n<figure class=\"wp-block-image\"><img decoding=\"async\" src=\"https:\/\/www.fsg-ruethen.de\/fsg\/wp-content\/uploads\/2021\/03\/mint01.jpg\" alt=\"Unterrichtsf\u00e4cher in der Oberstufe\"\/><\/figure>\n\n\n\n<h1 class=\"wp-block-heading\">Leistungskurse<\/h1>\n\n\n\n<p>Als Leistungskurse werden am FSG folgende F\u00e4cher in jedem Jahr angeboten:<\/p>\n\n\n\n<ul class=\"wp-block-list\">\n<li>Deutsch<\/li>\n\n\n\n<li>Englisch<\/li>\n\n\n\n<li>Mathematik<\/li>\n\n\n\n<li>P\u00e4dagogik<\/li>\n\n\n\n<li>Biologie<\/li>\n<\/ul>\n\n\n\n<p>Au\u00dferdem haben wir in den letzten Jahren \u2013 je nach Ergebnis der Kurswahlen &nbsp;\u2013 in folgenden F\u00e4chern Leistungskurse angeboten:<\/p>\n\n\n\n<ul class=\"wp-block-list\">\n<li>Erdkunde<\/li>\n\n\n\n<li>Geschichte<\/li>\n\n\n\n<li>Chemie<\/li>\n\n\n\n<li>Physik<\/li>\n<\/ul>\n\n\n\n<blockquote class=\"wp-block-quote is-layout-flow wp-block-quote-is-layout-flow\">\n<p>Neben allen anderen F\u00e4chern (Ausnahmen: Kunst, Musik, Religion, Philosophie) kann auch das Fach Sport als Leistungskurs gew\u00e4hlt werden. Die Einrichtung dieser Kurse h\u00e4ngt von der Anzahl der Wahlen ab.<\/p>\n<\/blockquote>\n\n\n\n<h1 class=\"wp-block-heading\">11 Kurse und 34 Wochenstunden sind die Pflichtvorgaben.<\/h1>\n\n\n\n<p>In der Einf\u00fchrungsphase der Oberstufe m\u00fcssen mindestens 11 Kurse sowie 34 Wochenstunden belegt werden. Was sich kompliziert anh\u00f6rt, l\u00e4sst sich mit der folgenden Checkliste recht einfach zusammenstellen.<\/p>\n\n\n\n<h2 class=\"wp-block-heading\">Jeder Sch\u00fcler belegt\u2026<\/h2>\n\n\n\n<ul class=\"wp-block-list\">\n<li>Deutsch<\/li>\n\n\n\n<li>Englisch<\/li>\n\n\n\n<li>Mathematik<\/li>\n\n\n\n<li>eine Naturwissenschaft (Bio oder Chemie oder Physik)<\/li>\n\n\n\n<li>mindestens eine Gesellschaftswissenschaft (Erdkunde, Sozialwissenschaften, Geschichte, P\u00e4dagogik oder Philosophie)<\/li>\n\n\n\n<li>eine zweite Fremdsprache (Franz\u00f6sisch\/fortgesetzt oder Spanisch\/neu einsetzend) oder eine zweite Naturwissenschaft<\/li>\n\n\n\n<li>Kunst oder Musik<\/li>\n\n\n\n<li>Religion (als Ersatz Philosophie)<\/li>\n\n\n\n<li>Sport<\/li>\n\n\n\n<li>zwei bis drei weitere Wahlkurse (Projektkurse oder weitere Grundkurse)<\/li>\n<\/ul>\n\n\n\n<blockquote class=\"wp-block-quote is-layout-flow wp-block-quote-is-layout-flow\">\n<p>Latein kann aus der Sekundarstufe 1 bis zum Ende der Einf\u00fchrungsphase fortgef\u00fchrt werden. Damit ist das Latinum erlangt.<\/p>\n<\/blockquote>\n\n\n\n<hr class=\"wp-block-separator has-css-opacity\"\/>\n","protected":false},"excerpt":{"rendered":"<p>Aufgabenfelder Die F\u00e4cher der Oberstufe sind verschiedenen Aufgabenfeldern zugeordnet. Hier sind die F\u00e4cher aufgef\u00fchrt, die bei uns angeboten werden: Aufgabenfeld 1 (sprachlich-literarisch-k\u00fcnstlerisch) Aufgabenfeld 2 (gesellschaftswissenschaftlich) Aufgabenfeld 3 (mathematisch-naturwissenschaftlich-technisch) Ohne festes [&hellip;]<\/p>\n","protected":false},"author":1,"featured_media":0,"parent":0,"menu_order":0,"comment_status":"closed","ping_status":"closed","template":"","meta":{"ocean_post_layout":"","ocean_both_sidebars_style":"","ocean_both_sidebars_content_width":0,"ocean_both_sidebars_sidebars_width":0,"ocean_sidebar":"ocs-informationen-fuer-neue-oberstufenschuelerinnen","ocean_second_sidebar":"0","ocean_disable_margins":"enable","ocean_add_body_class":"","ocean_shortcode_before_top_bar":"","ocean_shortcode_after_top_bar":"","ocean_shortcode_before_header":"","ocean_shortcode_after_header":"","ocean_has_shortcode":"","ocean_shortcode_after_title":"","ocean_shortcode_before_footer_widgets":"","ocean_shortcode_after_footer_widgets":"","ocean_shortcode_before_footer_bottom":"","ocean_shortcode_after_footer_bottom":"","ocean_display_top_bar":"default","ocean_display_header":"default","ocean_header_style":"","ocean_center_header_left_menu":"0","ocean_custom_header_template":"0","ocean_custom_logo":0,"ocean_custom_retina_logo":0,"ocean_custom_logo_max_width":0,"ocean_custom_logo_tablet_max_width":0,"ocean_custom_logo_mobile_max_width":0,"ocean_custom_logo_max_height":0,"ocean_custom_logo_tablet_max_height":0,"ocean_custom_logo_mobile_max_height":0,"ocean_header_custom_menu":"0","ocean_menu_typo_font_family":"0","ocean_menu_typo_font_subset":"","ocean_menu_typo_font_size":0,"ocean_menu_typo_font_size_tablet":0,"ocean_menu_typo_font_size_mobile":0,"ocean_menu_typo_font_size_unit":"px","ocean_menu_typo_font_weight":"","ocean_menu_typo_font_weight_tablet":"","ocean_menu_typo_font_weight_mobile":"","ocean_menu_typo_transform":"","ocean_menu_typo_transform_tablet":"","ocean_menu_typo_transform_mobile":"","ocean_menu_typo_line_height":0,"ocean_menu_typo_line_height_tablet":0,"ocean_menu_typo_line_height_mobile":0,"ocean_menu_typo_line_height_unit":"","ocean_menu_typo_spacing":0,"ocean_menu_typo_spacing_tablet":0,"ocean_menu_typo_spacing_mobile":0,"ocean_menu_typo_spacing_unit":"","ocean_menu_link_color":"","ocean_menu_link_color_hover":"","ocean_menu_link_color_active":"","ocean_menu_link_background":"","ocean_menu_link_hover_background":"","ocean_menu_link_active_background":"","ocean_menu_social_links_bg":"","ocean_menu_social_hover_links_bg":"","ocean_menu_social_links_color":"","ocean_menu_social_hover_links_color":"","ocean_disable_title":"default","ocean_disable_heading":"default","ocean_post_title":"","ocean_post_subheading":"","ocean_post_title_style":"background-image","ocean_post_title_background_color":"","ocean_post_title_background":4694,"ocean_post_title_bg_image_position":"","ocean_post_title_bg_image_attachment":"","ocean_post_title_bg_image_repeat":"","ocean_post_title_bg_image_size":"","ocean_post_title_height":500,"ocean_post_title_bg_overlay":0.5,"ocean_post_title_bg_overlay_color":"","ocean_disable_breadcrumbs":"default","ocean_breadcrumbs_color":"","ocean_breadcrumbs_separator_color":"","ocean_breadcrumbs_links_color":"","ocean_breadcrumbs_links_hover_color":"","ocean_display_footer_widgets":"default","ocean_display_footer_bottom":"default","ocean_custom_footer_template":"0","omw_enable_modal_window":"enable","footnotes":""},"class_list":["post-4693","page","type-page","status-publish","hentry","entry"],"_links":{"self":[{"href":"https:\/\/www.fsg-ruethen.de\/fsg\/wp-json\/wp\/v2\/pages\/4693","targetHints":{"allow":["GET"]}}],"collection":[{"href":"https:\/\/www.fsg-ruethen.de\/fsg\/wp-json\/wp\/v2\/pages"}],"about":[{"href":"https:\/\/www.fsg-ruethen.de\/fsg\/wp-json\/wp\/v2\/types\/page"}],"author":[{"embeddable":true,"href":"https:\/\/www.fsg-ruethen.de\/fsg\/wp-json\/wp\/v2\/users\/1"}],"replies":[{"embeddable":true,"href":"https:\/\/www.fsg-ruethen.de\/fsg\/wp-json\/wp\/v2\/comments?post=4693"}],"version-history":[{"count":1,"href":"https:\/\/www.fsg-ruethen.de\/fsg\/wp-json\/wp\/v2\/pages\/4693\/revisions"}],"predecessor-version":[{"id":18190,"href":"https:\/\/www.fsg-ruethen.de\/fsg\/wp-json\/wp\/v2\/pages\/4693\/revisions\/18190"}],"wp:attachment":[{"href":"https:\/\/www.fsg-ruethen.de\/fsg\/wp-json\/wp\/v2\/media?parent=4693"}],"curies":[{"name":"wp","href":"https:\/\/api.w.org\/{rel}","templated":true}]}}