{"id":4631,"date":"2021-05-03T13:33:33","date_gmt":"2021-05-03T11:33:33","guid":{"rendered":"https:\/\/www.fsg-ruethen.de\/wp\/?page_id=4631"},"modified":"2024-03-14T18:53:35","modified_gmt":"2024-03-14T17:53:35","slug":"hausaufgabenbetreuung","status":"publish","type":"page","link":"https:\/\/www.fsg-ruethen.de\/fsg\/hausaufgabenbetreuung\/","title":{"rendered":"Hausaufgabenbetreuung"},"content":{"rendered":"\n<h1 class=\"wp-block-heading\">Angebot zur gezielten Hilfe bei den Aufgaben aller F\u00e4cher<\/h1>\n\n\n\n<h4 class=\"wp-block-heading\">13.50 Uhr bis 15.00 Uhr<\/h4>\n\n\n\n<blockquote class=\"wp-block-quote is-layout-flow wp-block-quote-is-layout-flow\">\n<p>Unsere Sch\u00fclerinnen und Sch\u00fcler werden von Lehrkr\u00e4ften bei der Anfertigung der Hausaufgaben betreut.<\/p>\n<\/blockquote>\n\n\n\n<p>Sollten sich fachliche L\u00fccken zeigen, besteht die M\u00f6glichkeit, gezielte und zeitlich befristete sowie thematisch eingegrenzte Nachhilfe \u00fcber das Programm \u201eSch\u00fcler helfen Sch\u00fcler\u201d zu organisieren.<\/p>\n\n\n\n<p>W\u00e4hrend der Hausaufgabenbetreuung k\u00f6nnen die Aufgaben aller F\u00e4cher angefertigt werden. Im Anschluss an eine verbindlich festgesetzte Arbeitszeit wird gespielt oder z.B. geklettert.<\/p>\n\n\n\n<p>Nach der Hausaufgabenbetreuung fahren die Fahrsch\u00fclerinnen und -sch\u00fcler gemeinsam mit den \u00e4lteren Sch\u00fclerinnen und Sch\u00fclern, die Nachmittagsunterricht haben,\u00a0ab der Bushaltestelle Schlangenpfad bzw. Schulzentrum nach Hause. Eine \u00dcbersicht \u00fcber die Busverbindungen erh\u00e4lt jedes Kind, das an der Hausaufgabenbetreuung teilnimmt, mit einem Infozettel in der ersten Schulwoche.<\/p>\n\n\n\n<figure class=\"wp-block-image size-full is-style-default\"><img fetchpriority=\"high\" decoding=\"async\" width=\"800\" height=\"533\" src=\"https:\/\/www.fsg-ruethen.de\/fsg\/wp-content\/uploads\/2023\/10\/2023-Kletterspinne.jpg\" alt=\"\" class=\"wp-image-12751\" srcset=\"https:\/\/www.fsg-ruethen.de\/fsg\/wp-content\/uploads\/2023\/10\/2023-Kletterspinne.jpg 800w, https:\/\/www.fsg-ruethen.de\/fsg\/wp-content\/uploads\/2023\/10\/2023-Kletterspinne-300x200.jpg 300w, https:\/\/www.fsg-ruethen.de\/fsg\/wp-content\/uploads\/2023\/10\/2023-Kletterspinne-768x512.jpg 768w\" sizes=\"(max-width: 800px) 100vw, 800px\" \/><\/figure>\n","protected":false},"excerpt":{"rendered":"<p>Angebot zur gezielten Hilfe bei den Aufgaben aller F\u00e4cher 13.50 Uhr bis 15.00 Uhr Unsere Sch\u00fclerinnen und Sch\u00fcler werden von Lehrkr\u00e4ften bei der Anfertigung der Hausaufgaben betreut. Sollten sich fachliche [&hellip;]<\/p>\n","protected":false},"author":1,"featured_media":0,"parent":0,"menu_order":0,"comment_status":"closed","ping_status":"closed","template":"","meta":{"ocean_post_layout":"","ocean_both_sidebars_style":"","ocean_both_sidebars_content_width":0,"ocean_both_sidebars_sidebars_width":0,"ocean_sidebar":"ocs-informationen-fuer-neue-fuenftklaesslerinnen","ocean_second_sidebar":"0","ocean_disable_margins":"enable","ocean_add_body_class":"","ocean_shortcode_before_top_bar":"","ocean_shortcode_after_top_bar":"","ocean_shortcode_before_header":"","ocean_shortcode_after_header":"","ocean_has_shortcode":"","ocean_shortcode_after_title":"","ocean_shortcode_before_footer_widgets":"","ocean_shortcode_after_footer_widgets":"","ocean_shortcode_before_footer_bottom":"","ocean_shortcode_after_footer_bottom":"","ocean_display_top_bar":"default","ocean_display_header":"default","ocean_header_style":"","ocean_center_header_left_menu":"0","ocean_custom_header_template":"0","ocean_custom_logo":0,"ocean_custom_retina_logo":0,"ocean_custom_logo_max_width":0,"ocean_custom_logo_tablet_max_width":0,"ocean_custom_logo_mobile_max_width":0,"ocean_custom_logo_max_height":0,"ocean_custom_logo_tablet_max_height":0,"ocean_custom_logo_mobile_max_height":0,"ocean_header_custom_menu":"0","ocean_menu_typo_font_family":"0","ocean_menu_typo_font_subset":"","ocean_menu_typo_font_size":0,"ocean_menu_typo_font_size_tablet":0,"ocean_menu_typo_font_size_mobile":0,"ocean_menu_typo_font_size_unit":"px","ocean_menu_typo_font_weight":"","ocean_menu_typo_font_weight_tablet":"","ocean_menu_typo_font_weight_mobile":"","ocean_menu_typo_transform":"","ocean_menu_typo_transform_tablet":"","ocean_menu_typo_transform_mobile":"","ocean_menu_typo_line_height":0,"ocean_menu_typo_line_height_tablet":0,"ocean_menu_typo_line_height_mobile":0,"ocean_menu_typo_line_height_unit":"","ocean_menu_typo_spacing":0,"ocean_menu_typo_spacing_tablet":0,"ocean_menu_typo_spacing_mobile":0,"ocean_menu_typo_spacing_unit":"","ocean_menu_link_color":"","ocean_menu_link_color_hover":"","ocean_menu_link_color_active":"","ocean_menu_link_background":"","ocean_menu_link_hover_background":"","ocean_menu_link_active_background":"","ocean_menu_social_links_bg":"","ocean_menu_social_hover_links_bg":"","ocean_menu_social_links_color":"","ocean_menu_social_hover_links_color":"","ocean_disable_title":"default","ocean_disable_heading":"default","ocean_post_title":"","ocean_post_subheading":"","ocean_post_title_style":"background-image","ocean_post_title_background_color":"","ocean_post_title_background":4632,"ocean_post_title_bg_image_position":"","ocean_post_title_bg_image_attachment":"","ocean_post_title_bg_image_repeat":"","ocean_post_title_bg_image_size":"","ocean_post_title_height":500,"ocean_post_title_bg_overlay":0.2,"ocean_post_title_bg_overlay_color":"","ocean_disable_breadcrumbs":"default","ocean_breadcrumbs_color":"","ocean_breadcrumbs_separator_color":"","ocean_breadcrumbs_links_color":"","ocean_breadcrumbs_links_hover_color":"","ocean_display_footer_widgets":"default","ocean_display_footer_bottom":"default","ocean_custom_footer_template":"0","omw_enable_modal_window":"enable","footnotes":""},"class_list":["post-4631","page","type-page","status-publish","hentry","entry"],"_links":{"self":[{"href":"https:\/\/www.fsg-ruethen.de\/fsg\/wp-json\/wp\/v2\/pages\/4631","targetHints":{"allow":["GET"]}}],"collection":[{"href":"https:\/\/www.fsg-ruethen.de\/fsg\/wp-json\/wp\/v2\/pages"}],"about":[{"href":"https:\/\/www.fsg-ruethen.de\/fsg\/wp-json\/wp\/v2\/types\/page"}],"author":[{"embeddable":true,"href":"https:\/\/www.fsg-ruethen.de\/fsg\/wp-json\/wp\/v2\/users\/1"}],"replies":[{"embeddable":true,"href":"https:\/\/www.fsg-ruethen.de\/fsg\/wp-json\/wp\/v2\/comments?post=4631"}],"version-history":[{"count":1,"href":"https:\/\/www.fsg-ruethen.de\/fsg\/wp-json\/wp\/v2\/pages\/4631\/revisions"}],"predecessor-version":[{"id":14014,"href":"https:\/\/www.fsg-ruethen.de\/fsg\/wp-json\/wp\/v2\/pages\/4631\/revisions\/14014"}],"wp:attachment":[{"href":"https:\/\/www.fsg-ruethen.de\/fsg\/wp-json\/wp\/v2\/media?parent=4631"}],"curies":[{"name":"wp","href":"https:\/\/api.w.org\/{rel}","templated":true}]}}