{"id":4597,"date":"2021-05-03T12:09:18","date_gmt":"2021-05-03T10:09:18","guid":{"rendered":"https:\/\/www.fsg-ruethen.de\/wp\/?page_id=4597"},"modified":"2024-03-14T18:50:34","modified_gmt":"2024-03-14T17:50:34","slug":"die-ersten-tage-am-fsg","status":"publish","type":"page","link":"https:\/\/www.fsg-ruethen.de\/fsg\/die-ersten-tage-am-fsg\/","title":{"rendered":"Die ersten Tage am FSG"},"content":{"rendered":"\n<h1 class=\"wp-block-heading\">Der erste Schultag<\/h1>\n\n\n\n<p>Der erste Schultag nach den Sommerferien beginnt mit einer \u00f6kumenischen Begr\u00fc\u00dfungsfeier f\u00fcr alle Sch\u00fclerinnen und Sch\u00fcler sowie ihre Eltern.<\/p>\n\n\n\n<h2 class=\"wp-block-heading\">Die erste Schulwoche<\/h2>\n\n\n\n<p>Die erste Schulwoche wird durch einen speziellen Stundenplan gepr\u00e4gt, durch den die Kinder zun\u00e4chst m\u00f6glichst viel Zeit mit ihren Klassenlehrerinnen und Klassenlehrern sowie den Kernf\u00e4chern Mathematik, Deutsch und Englisch verbringen. Unsere neuen \u201e5er\u201c sollen ganz bewusst nur einige neue F\u00e4cher kennen lernen.<\/p>\n\n\n\n<p>W\u00e4hrend unserer Schulrallye lernen die Kinder nicht nur wichtige Fachr\u00e4ume, sondern auch die Caf\u00e9teria, das Schwimmbad und das Sekretariat kennen. Nach der Einf\u00fchrung in unsere \u201eEselsohr-B\u00fccherei\u201c k\u00f6nnen bereits die ersten B\u00fccher ausgeliehen werden.<\/p>\n\n\n\n<p>In den Pausen stehen zwei Schulh\u00f6fe zum Spielen zur Verf\u00fcgung. Wer noch mehr Bewegung haben m\u00f6chte, geht zum Pausensport, der in der Turnhalle stattfindet.<\/p>\n\n\n\n<p>Einen gemeinsamen Besuch der neuen Mensa bieten die Klassenlehrerinnen und Klassenlehrer nach Ank\u00fcndigung an.<\/p>\n\n\n\n<p>In der ersten Woche werden die Sch\u00fcler von den Lehrern und Schulstart-Paten zu den Bussen begleitet, um ihnen beim Finden der richtigen Haltestelle behilflich zu sein, da Busfahren f\u00fcr einige Kinder anfangs ein ganz neues Abenteuer ist.<\/p>\n\n\n\n<h2 class=\"wp-block-heading\">Die Klassenr\u00e4ume<\/h2>\n\n\n\n<p>Die Klassenr\u00e4ume haben zun\u00e4chst immer einen Arbeitscharakter, in der Erprobungsstufe wird jedoch verst\u00e4rkt Wert darauf gelegt, die in den R\u00e4umen geleistete Arbeit auch sichtbar zu machen. Dies spiegelt sich in Arbeiten aus dem Kunstunterricht, festgehaltenen Klassenregeln und den erworbenen Methodenkenntnissen genauso wider wie in selbst ausgew\u00e4hlter Dekoration.<\/p>\n\n\n\n<p>Materialien oder B\u00fccher, die nicht t\u00e4glich gebraucht werden, k\u00f6nnen in einem Fach in der Klasse neben dem Methodenordner aufbewahrt werden.<\/p>\n\n\n\n<h2 class=\"wp-block-heading\">Austausch mit den ehemaligen Grundschullehrerinnen und -lehrern<\/h2>\n\n\n\n<p>Der Austausch mit den ehemaligen Grundschullehrerinnen und -lehrern der neuen Sch\u00fcler und Sch\u00fclerinnen ist uns sehr wichtig. Sie haben die Kinder bereits \u00fcber Jahre in ihrer Entwicklung beobachtet und k\u00f6nnen wertvolle Hinweise zu ihrem schulischen Werdegang, insbesondere bei einer gemeinsamen Erprobungsstufenkonferenz, geben.<\/p>\n","protected":false},"excerpt":{"rendered":"<p>Der erste Schultag Der erste Schultag nach den Sommerferien beginnt mit einer \u00f6kumenischen Begr\u00fc\u00dfungsfeier f\u00fcr alle Sch\u00fclerinnen und Sch\u00fcler sowie ihre Eltern. Die erste Schulwoche Die erste Schulwoche wird durch [&hellip;]<\/p>\n","protected":false},"author":1,"featured_media":0,"parent":0,"menu_order":0,"comment_status":"closed","ping_status":"closed","template":"","meta":{"ocean_post_layout":"","ocean_both_sidebars_style":"","ocean_both_sidebars_content_width":0,"ocean_both_sidebars_sidebars_width":0,"ocean_sidebar":"ocs-informationen-fuer-neue-fuenftklaesslerinnen","ocean_second_sidebar":"0","ocean_disable_margins":"enable","ocean_add_body_class":"","ocean_shortcode_before_top_bar":"","ocean_shortcode_after_top_bar":"","ocean_shortcode_before_header":"","ocean_shortcode_after_header":"","ocean_has_shortcode":"","ocean_shortcode_after_title":"","ocean_shortcode_before_footer_widgets":"","ocean_shortcode_after_footer_widgets":"","ocean_shortcode_before_footer_bottom":"","ocean_shortcode_after_footer_bottom":"","ocean_display_top_bar":"default","ocean_display_header":"default","ocean_header_style":"","ocean_center_header_left_menu":"0","ocean_custom_header_template":"0","ocean_custom_logo":0,"ocean_custom_retina_logo":0,"ocean_custom_logo_max_width":0,"ocean_custom_logo_tablet_max_width":0,"ocean_custom_logo_mobile_max_width":0,"ocean_custom_logo_max_height":0,"ocean_custom_logo_tablet_max_height":0,"ocean_custom_logo_mobile_max_height":0,"ocean_header_custom_menu":"0","ocean_menu_typo_font_family":"0","ocean_menu_typo_font_subset":"","ocean_menu_typo_font_size":0,"ocean_menu_typo_font_size_tablet":0,"ocean_menu_typo_font_size_mobile":0,"ocean_menu_typo_font_size_unit":"px","ocean_menu_typo_font_weight":"","ocean_menu_typo_font_weight_tablet":"","ocean_menu_typo_font_weight_mobile":"","ocean_menu_typo_transform":"","ocean_menu_typo_transform_tablet":"","ocean_menu_typo_transform_mobile":"","ocean_menu_typo_line_height":0,"ocean_menu_typo_line_height_tablet":0,"ocean_menu_typo_line_height_mobile":0,"ocean_menu_typo_line_height_unit":"","ocean_menu_typo_spacing":0,"ocean_menu_typo_spacing_tablet":0,"ocean_menu_typo_spacing_mobile":0,"ocean_menu_typo_spacing_unit":"","ocean_menu_link_color":"","ocean_menu_link_color_hover":"","ocean_menu_link_color_active":"","ocean_menu_link_background":"","ocean_menu_link_hover_background":"","ocean_menu_link_active_background":"","ocean_menu_social_links_bg":"","ocean_menu_social_hover_links_bg":"","ocean_menu_social_links_color":"","ocean_menu_social_hover_links_color":"","ocean_disable_title":"default","ocean_disable_heading":"default","ocean_post_title":"","ocean_post_subheading":"","ocean_post_title_style":"background-image","ocean_post_title_background_color":"","ocean_post_title_background":4598,"ocean_post_title_bg_image_position":"","ocean_post_title_bg_image_attachment":"","ocean_post_title_bg_image_repeat":"","ocean_post_title_bg_image_size":"","ocean_post_title_height":500,"ocean_post_title_bg_overlay":0.2,"ocean_post_title_bg_overlay_color":"","ocean_disable_breadcrumbs":"default","ocean_breadcrumbs_color":"","ocean_breadcrumbs_separator_color":"","ocean_breadcrumbs_links_color":"","ocean_breadcrumbs_links_hover_color":"","ocean_display_footer_widgets":"default","ocean_display_footer_bottom":"default","ocean_custom_footer_template":"0","omw_enable_modal_window":"enable","footnotes":""},"class_list":["post-4597","page","type-page","status-publish","hentry","entry"],"_links":{"self":[{"href":"https:\/\/www.fsg-ruethen.de\/fsg\/wp-json\/wp\/v2\/pages\/4597","targetHints":{"allow":["GET"]}}],"collection":[{"href":"https:\/\/www.fsg-ruethen.de\/fsg\/wp-json\/wp\/v2\/pages"}],"about":[{"href":"https:\/\/www.fsg-ruethen.de\/fsg\/wp-json\/wp\/v2\/types\/page"}],"author":[{"embeddable":true,"href":"https:\/\/www.fsg-ruethen.de\/fsg\/wp-json\/wp\/v2\/users\/1"}],"replies":[{"embeddable":true,"href":"https:\/\/www.fsg-ruethen.de\/fsg\/wp-json\/wp\/v2\/comments?post=4597"}],"version-history":[{"count":1,"href":"https:\/\/www.fsg-ruethen.de\/fsg\/wp-json\/wp\/v2\/pages\/4597\/revisions"}],"predecessor-version":[{"id":14009,"href":"https:\/\/www.fsg-ruethen.de\/fsg\/wp-json\/wp\/v2\/pages\/4597\/revisions\/14009"}],"wp:attachment":[{"href":"https:\/\/www.fsg-ruethen.de\/fsg\/wp-json\/wp\/v2\/media?parent=4597"}],"curies":[{"name":"wp","href":"https:\/\/api.w.org\/{rel}","templated":true}]}}