{"id":4587,"date":"2021-05-03T11:52:24","date_gmt":"2021-05-03T09:52:24","guid":{"rendered":"https:\/\/www.fsg-ruethen.de\/wp\/?page_id=4587"},"modified":"2024-03-14T18:49:56","modified_gmt":"2024-03-14T17:49:56","slug":"wie-sieht-meine-neue-klasse-aus","status":"publish","type":"page","link":"https:\/\/www.fsg-ruethen.de\/fsg\/wie-sieht-meine-neue-klasse-aus\/","title":{"rendered":"Wie sieht meine neue Klasse aus?"},"content":{"rendered":"\n<h1 class=\"wp-block-heading\">Kennenlernnachmittag vor den Sommerferien<\/h1>\n\n\n\n<p>Nach Abschluss des Anmeldeverfahrens beginnen wir mit der Klassenbildung. Hierbei achten wir besonders auf eine ausgewogene Zusammensetzung, wobei W\u00fcnsche der Sch\u00fclerinnen und Sch\u00fcler und Eltern weitgehend ber\u00fccksichtigt werden (gleiche Grundschule, Wohngebiete, Freundschaften etc.).<\/p>\n\n\n\n<p>Die in der Erprobungsstufe (Klassen 5 und 6) unterrichtenden Lehrerinnen und Lehrer werden so eingesetzt, dass die Zahl der Unterrichtenden in einer Klasse gering bleibt. Das Klassenleitungsteam erm\u00f6glicht eine gute Betreuung und genug Kontaktm\u00f6glichkeiten f\u00fcr alle Kinder.<\/p>\n\n\n\n<p>Kurz vor den Sommerferien laden wir alle neuen \u201e5er\u201d ein, um die zuk\u00fcnftige Klassenlehrerin bzw. den Klassenlehrer und die Mitsch\u00fclerinnen und Mitsch\u00fcler kennen zu lernen. Nach einem solchen ersten Eindruck k\u00f6nnen die folgenden Sommerferien so richtig genossen werden \u2013 hoffentlich mit viel Vorfreude auf den ersten Tag am FSG. Auch der neue Klassenraum kann schon einmal in Augenschein genommen werden. <\/p>\n\n\n\n<p>Damit auch die Eltern gelassen in die Sommerferien gehen k\u00f6nnen, werden wichtige Informationen zur Schulbuchbestellung, zum Busfahren und zum Arbeitsmaterial gegeben.<\/p>\n","protected":false},"excerpt":{"rendered":"<p>Kennenlernnachmittag vor den Sommerferien Nach Abschluss des Anmeldeverfahrens beginnen wir mit der Klassenbildung. Hierbei achten wir besonders auf eine ausgewogene Zusammensetzung, wobei W\u00fcnsche der Sch\u00fclerinnen und Sch\u00fcler und Eltern weitgehend [&hellip;]<\/p>\n","protected":false},"author":1,"featured_media":0,"parent":0,"menu_order":0,"comment_status":"closed","ping_status":"closed","template":"","meta":{"ocean_post_layout":"","ocean_both_sidebars_style":"","ocean_both_sidebars_content_width":0,"ocean_both_sidebars_sidebars_width":0,"ocean_sidebar":"ocs-informationen-fuer-neue-fuenftklaesslerinnen","ocean_second_sidebar":"0","ocean_disable_margins":"enable","ocean_add_body_class":"","ocean_shortcode_before_top_bar":"","ocean_shortcode_after_top_bar":"","ocean_shortcode_before_header":"","ocean_shortcode_after_header":"","ocean_has_shortcode":"","ocean_shortcode_after_title":"","ocean_shortcode_before_footer_widgets":"","ocean_shortcode_after_footer_widgets":"","ocean_shortcode_before_footer_bottom":"","ocean_shortcode_after_footer_bottom":"","ocean_display_top_bar":"default","ocean_display_header":"default","ocean_header_style":"","ocean_center_header_left_menu":"0","ocean_custom_header_template":"0","ocean_custom_logo":0,"ocean_custom_retina_logo":0,"ocean_custom_logo_max_width":0,"ocean_custom_logo_tablet_max_width":0,"ocean_custom_logo_mobile_max_width":0,"ocean_custom_logo_max_height":0,"ocean_custom_logo_tablet_max_height":0,"ocean_custom_logo_mobile_max_height":0,"ocean_header_custom_menu":"0","ocean_menu_typo_font_family":"0","ocean_menu_typo_font_subset":"","ocean_menu_typo_font_size":0,"ocean_menu_typo_font_size_tablet":0,"ocean_menu_typo_font_size_mobile":0,"ocean_menu_typo_font_size_unit":"px","ocean_menu_typo_font_weight":"","ocean_menu_typo_font_weight_tablet":"","ocean_menu_typo_font_weight_mobile":"","ocean_menu_typo_transform":"","ocean_menu_typo_transform_tablet":"","ocean_menu_typo_transform_mobile":"","ocean_menu_typo_line_height":0,"ocean_menu_typo_line_height_tablet":0,"ocean_menu_typo_line_height_mobile":0,"ocean_menu_typo_line_height_unit":"","ocean_menu_typo_spacing":0,"ocean_menu_typo_spacing_tablet":0,"ocean_menu_typo_spacing_mobile":0,"ocean_menu_typo_spacing_unit":"","ocean_menu_link_color":"","ocean_menu_link_color_hover":"","ocean_menu_link_color_active":"","ocean_menu_link_background":"","ocean_menu_link_hover_background":"","ocean_menu_link_active_background":"","ocean_menu_social_links_bg":"","ocean_menu_social_hover_links_bg":"","ocean_menu_social_links_color":"","ocean_menu_social_hover_links_color":"","ocean_disable_title":"default","ocean_disable_heading":"default","ocean_post_title":"","ocean_post_subheading":"","ocean_post_title_style":"background-image","ocean_post_title_background_color":"","ocean_post_title_background":4588,"ocean_post_title_bg_image_position":"","ocean_post_title_bg_image_attachment":"","ocean_post_title_bg_image_repeat":"","ocean_post_title_bg_image_size":"","ocean_post_title_height":500,"ocean_post_title_bg_overlay":0.2,"ocean_post_title_bg_overlay_color":"","ocean_disable_breadcrumbs":"default","ocean_breadcrumbs_color":"","ocean_breadcrumbs_separator_color":"","ocean_breadcrumbs_links_color":"","ocean_breadcrumbs_links_hover_color":"","ocean_display_footer_widgets":"default","ocean_display_footer_bottom":"default","ocean_custom_footer_template":"0","omw_enable_modal_window":"enable","footnotes":""},"class_list":["post-4587","page","type-page","status-publish","hentry","entry"],"_links":{"self":[{"href":"https:\/\/www.fsg-ruethen.de\/fsg\/wp-json\/wp\/v2\/pages\/4587","targetHints":{"allow":["GET"]}}],"collection":[{"href":"https:\/\/www.fsg-ruethen.de\/fsg\/wp-json\/wp\/v2\/pages"}],"about":[{"href":"https:\/\/www.fsg-ruethen.de\/fsg\/wp-json\/wp\/v2\/types\/page"}],"author":[{"embeddable":true,"href":"https:\/\/www.fsg-ruethen.de\/fsg\/wp-json\/wp\/v2\/users\/1"}],"replies":[{"embeddable":true,"href":"https:\/\/www.fsg-ruethen.de\/fsg\/wp-json\/wp\/v2\/comments?post=4587"}],"version-history":[{"count":1,"href":"https:\/\/www.fsg-ruethen.de\/fsg\/wp-json\/wp\/v2\/pages\/4587\/revisions"}],"predecessor-version":[{"id":14008,"href":"https:\/\/www.fsg-ruethen.de\/fsg\/wp-json\/wp\/v2\/pages\/4587\/revisions\/14008"}],"wp:attachment":[{"href":"https:\/\/www.fsg-ruethen.de\/fsg\/wp-json\/wp\/v2\/media?parent=4587"}],"curies":[{"name":"wp","href":"https:\/\/api.w.org\/{rel}","templated":true}]}}