{"id":1753,"date":"2021-03-06T10:21:03","date_gmt":"2021-03-06T09:21:03","guid":{"rendered":"https:\/\/www.fsg-ruethen.de\/wp\/?page_id=1753"},"modified":"2021-06-21T16:20:03","modified_gmt":"2021-06-21T14:20:03","slug":"ehemalige-abiturjahrgaenge","status":"publish","type":"page","link":"https:\/\/www.fsg-ruethen.de\/fsg\/ehemalige-abiturjahrgaenge\/","title":{"rendered":"Ehemalige Abiturjahrg\u00e4nge"},"content":{"rendered":"\n<h1 class=\"wp-block-heading\">Liebe Ehemalige,<\/h1>\n\n\n\n<p>wir freuen uns, dass Sie unser Schulleben weiter begleiten und begr\u00fc\u00dfen Sie auf unserer Homepage ganz herzlich!<\/p>\n\n\n\n<p>Neben Gruppenfotos unserer Abiturjahrg\u00e4nge der letzten Jahre finden Sie an dieser Stelle auch Informationen zu Veranstaltungen und Aktionen, die f\u00fcr ehemalige Sch\u00fclerinnen und Sch\u00fcler des FSG interessant sein k\u00f6nnen. Gerne ver\u00f6ffentlichen wir auch Berichte zu Ehemaligentreffen und besonderen beruflichen Werdeg\u00e4ngen.<\/p>\n\n\n\n<h2 class=\"wp-block-heading\">Jubil\u00e4umsjahr 2026 \u2013 Das FSG wird 100!<\/h2>\n\n\n\n<p>Wir m\u00f6chten schon heute auf das Jubil\u00e4umsjahr 2026 hinweisen, in dem das FSG auf 100 Jahre zur\u00fcckschauen kann. Geplant werden Veranstaltungen und Aktionen in vielen Bereichen. F\u00fcr Ideen und Unterst\u00fctzung jeder Art sind wir nat\u00fcrlich sehr dankbar!<\/p>\n\n\n\n<p>Melden Sie sich gerne bei Daniel Rikus (<a href=\"mailto:rikus@fsgrue.de\">rikus@fsgrue.de<\/a>) oder Barbara K\u00fchle (<a href=\"mailto:kuehleb@fsgrue.de\">kuehleb@fsgrue.de<\/a>).<\/p>\n\n\n\n<h2 class=\"wp-block-heading\">Studien- und Berufsinformationstag \u2013 Wir suchen Referenten!<\/h2>\n\n\n\n<p class=\"has-background\" style=\"background-color:#dee8f0\">F\u00fcr unseren j\u00e4hrlichen Studien- und Berufsinfomationstag der Jahrgangsstufen Q1 und Q2 suchen wir Referentinnen und Referenten, die unseren Sch\u00fclerinnen und Sch\u00fclern ihre Erfahrungen aus Studium-, Ausbildung und Berufsleben weitergeben. Nach einem kurzen Erfahrungsbericht schlie\u00dft sich eine Gespr\u00e4chsrunde in Kleingruppen an. Der Infotag lebt vom intensiven Austausch zwischen Referenten und unseren Sch\u00fclerinnen und Sch\u00fclern.<br>Bei Interesse melden Sie sich gerne unter <a href=\"mailto:kuehleb@fsgrue.de\">kuehleb@fsgrue.de<\/a> bei Barbara K\u00fchle.<\/p>\n\n\n\n<div class=\"wp-block-buttons is-content-justification-center is-layout-flex wp-block-buttons-is-layout-flex\">\n<div class=\"wp-block-button has-custom-width wp-block-button__width-75 is-style-outline is-style-outline--1\"><a class=\"wp-block-button__link has-text-color has-background\" href=\"https:\/\/www.fsg-ruethen.de\/fsg\/lernen-und-foerdern\/studien-und-berufsinformationstag\/\" style=\"border-radius:5px;background-color:#f4f4f4;color:#1e73be\">Studien- und Berufsinformationstag 2020<\/a><\/div>\n<\/div>\n\n\n\n<hr class=\"wp-block-separator has-text-color has-background has-cyan-bluish-gray-background-color has-cyan-bluish-gray-color is-style-wide\"\/>\n\n\n\n<h2 class=\"wp-block-heading\">Abiturjahrg\u00e4nge der letzten Jahre<\/h2>\n\n\n\n<div class=\"wp-block-image\"><figure class=\"aligncenter size-large is-resized\"><img fetchpriority=\"high\" decoding=\"async\" src=\"https:\/\/www.fsg-ruethen.de\/fsg\/wp-content\/uploads\/2021\/03\/Abiturientia-2020-683x1024.jpg\" alt=\"\" class=\"wp-image-1759\" width=\"342\" height=\"512\" srcset=\"https:\/\/www.fsg-ruethen.de\/fsg\/wp-content\/uploads\/2021\/03\/Abiturientia-2020-683x1024.jpg 683w, https:\/\/www.fsg-ruethen.de\/fsg\/wp-content\/uploads\/2021\/03\/Abiturientia-2020-200x300.jpg 200w, https:\/\/www.fsg-ruethen.de\/fsg\/wp-content\/uploads\/2021\/03\/Abiturientia-2020-768x1152.jpg 768w, https:\/\/www.fsg-ruethen.de\/fsg\/wp-content\/uploads\/2021\/03\/Abiturientia-2020-1024x1536.jpg 1024w, https:\/\/www.fsg-ruethen.de\/fsg\/wp-content\/uploads\/2021\/03\/Abiturientia-2020.jpg 1200w\" sizes=\"(max-width: 342px) 100vw, 342px\" \/><figcaption>2020 gab es wegen der Corona-Pandemie kein Gruppenfoto.<\/figcaption><\/figure><\/div>\n\n\n\n<figure class=\"wp-block-image size-large\"><img decoding=\"async\" width=\"1024\" height=\"286\" src=\"https:\/\/www.fsg-ruethen.de\/fsg\/wp-content\/uploads\/2021\/03\/Abiturientia-2019-1024x286.jpg\" alt=\"Abiturientia 2019\" class=\"wp-image-1758\" srcset=\"https:\/\/www.fsg-ruethen.de\/fsg\/wp-content\/uploads\/2021\/03\/Abiturientia-2019-1024x286.jpg 1024w, https:\/\/www.fsg-ruethen.de\/fsg\/wp-content\/uploads\/2021\/03\/Abiturientia-2019-300x84.jpg 300w, https:\/\/www.fsg-ruethen.de\/fsg\/wp-content\/uploads\/2021\/03\/Abiturientia-2019-768x214.jpg 768w, https:\/\/www.fsg-ruethen.de\/fsg\/wp-content\/uploads\/2021\/03\/Abiturientia-2019-1536x429.jpg 1536w, https:\/\/www.fsg-ruethen.de\/fsg\/wp-content\/uploads\/2021\/03\/Abiturientia-2019-2048x572.jpg 2048w\" sizes=\"(max-width: 1024px) 100vw, 1024px\" \/><figcaption>Abiturientia 2019<\/figcaption><\/figure>\n\n\n\n<figure class=\"wp-block-image size-large\"><img decoding=\"async\" width=\"1024\" height=\"366\" src=\"https:\/\/www.fsg-ruethen.de\/fsg\/wp-content\/uploads\/2021\/03\/Abiturientia-2018-1024x366.jpg\" alt=\"Abiturientia 2018\" class=\"wp-image-1757\" srcset=\"https:\/\/www.fsg-ruethen.de\/fsg\/wp-content\/uploads\/2021\/03\/Abiturientia-2018-1024x366.jpg 1024w, https:\/\/www.fsg-ruethen.de\/fsg\/wp-content\/uploads\/2021\/03\/Abiturientia-2018-300x107.jpg 300w, https:\/\/www.fsg-ruethen.de\/fsg\/wp-content\/uploads\/2021\/03\/Abiturientia-2018-768x274.jpg 768w, https:\/\/www.fsg-ruethen.de\/fsg\/wp-content\/uploads\/2021\/03\/Abiturientia-2018.jpg 1038w\" sizes=\"(max-width: 1024px) 100vw, 1024px\" \/><figcaption>Abiturientia 2018<\/figcaption><\/figure>\n\n\n\n<figure class=\"wp-block-image size-large\"><img loading=\"lazy\" decoding=\"async\" width=\"1024\" height=\"454\" src=\"https:\/\/www.fsg-ruethen.de\/fsg\/wp-content\/uploads\/2021\/03\/Abiturientia-2017-Foto-Foerster-1024x454.jpg\" alt=\"Abiturientia 2017\" class=\"wp-image-1756\" srcset=\"https:\/\/www.fsg-ruethen.de\/fsg\/wp-content\/uploads\/2021\/03\/Abiturientia-2017-Foto-Foerster-1024x454.jpg 1024w, https:\/\/www.fsg-ruethen.de\/fsg\/wp-content\/uploads\/2021\/03\/Abiturientia-2017-Foto-Foerster-300x133.jpg 300w, https:\/\/www.fsg-ruethen.de\/fsg\/wp-content\/uploads\/2021\/03\/Abiturientia-2017-Foto-Foerster-768x340.jpg 768w, https:\/\/www.fsg-ruethen.de\/fsg\/wp-content\/uploads\/2021\/03\/Abiturientia-2017-Foto-Foerster-1536x681.jpg 1536w, https:\/\/www.fsg-ruethen.de\/fsg\/wp-content\/uploads\/2021\/03\/Abiturientia-2017-Foto-Foerster-2048x907.jpg 2048w\" sizes=\"(max-width: 1024px) 100vw, 1024px\" \/><figcaption>Abiturientia 2017<\/figcaption><\/figure>\n\n\n\n<figure class=\"wp-block-image size-large\"><img loading=\"lazy\" decoding=\"async\" width=\"1024\" height=\"433\" src=\"https:\/\/www.fsg-ruethen.de\/fsg\/wp-content\/uploads\/2021\/03\/Abiturientia-2016-1024x433.jpg\" alt=\"Abiturientia 2016\" class=\"wp-image-1755\" srcset=\"https:\/\/www.fsg-ruethen.de\/fsg\/wp-content\/uploads\/2021\/03\/Abiturientia-2016-1024x433.jpg 1024w, https:\/\/www.fsg-ruethen.de\/fsg\/wp-content\/uploads\/2021\/03\/Abiturientia-2016-300x127.jpg 300w, https:\/\/www.fsg-ruethen.de\/fsg\/wp-content\/uploads\/2021\/03\/Abiturientia-2016-768x325.jpg 768w, https:\/\/www.fsg-ruethen.de\/fsg\/wp-content\/uploads\/2021\/03\/Abiturientia-2016-1536x650.jpg 1536w, https:\/\/www.fsg-ruethen.de\/fsg\/wp-content\/uploads\/2021\/03\/Abiturientia-2016.jpg 2010w\" sizes=\"(max-width: 1024px) 100vw, 1024px\" \/><figcaption>Abiturientia 2016<\/figcaption><\/figure>\n\n\n\n<figure class=\"wp-block-image size-large\"><img loading=\"lazy\" decoding=\"async\" width=\"1024\" height=\"483\" src=\"https:\/\/www.fsg-ruethen.de\/fsg\/wp-content\/uploads\/2021\/03\/Abiturientia-2015-1024x483.jpg\" alt=\"Abiturientia 2015\" class=\"wp-image-1761\" srcset=\"https:\/\/www.fsg-ruethen.de\/fsg\/wp-content\/uploads\/2021\/03\/Abiturientia-2015-1024x483.jpg 1024w, https:\/\/www.fsg-ruethen.de\/fsg\/wp-content\/uploads\/2021\/03\/Abiturientia-2015-300x142.jpg 300w, https:\/\/www.fsg-ruethen.de\/fsg\/wp-content\/uploads\/2021\/03\/Abiturientia-2015-768x362.jpg 768w, https:\/\/www.fsg-ruethen.de\/fsg\/wp-content\/uploads\/2021\/03\/Abiturientia-2015.jpg 1200w\" sizes=\"(max-width: 1024px) 100vw, 1024px\" \/><figcaption>Abiturientia 2015<\/figcaption><\/figure>\n\n\n\n<figure class=\"wp-block-image size-large\"><img loading=\"lazy\" decoding=\"async\" width=\"1024\" height=\"397\" src=\"https:\/\/www.fsg-ruethen.de\/fsg\/wp-content\/uploads\/2021\/03\/Abiturientia-2014-1024x397.jpg\" alt=\"Abiturientia 2014\" class=\"wp-image-1760\" srcset=\"https:\/\/www.fsg-ruethen.de\/fsg\/wp-content\/uploads\/2021\/03\/Abiturientia-2014-1024x397.jpg 1024w, https:\/\/www.fsg-ruethen.de\/fsg\/wp-content\/uploads\/2021\/03\/Abiturientia-2014-300x116.jpg 300w, https:\/\/www.fsg-ruethen.de\/fsg\/wp-content\/uploads\/2021\/03\/Abiturientia-2014-768x298.jpg 768w, https:\/\/www.fsg-ruethen.de\/fsg\/wp-content\/uploads\/2021\/03\/Abiturientia-2014-1536x596.jpg 1536w, https:\/\/www.fsg-ruethen.de\/fsg\/wp-content\/uploads\/2021\/03\/Abiturientia-2014-2048x794.jpg 2048w\" sizes=\"(max-width: 1024px) 100vw, 1024px\" \/><figcaption>Abiturientia 2014<\/figcaption><\/figure>\n","protected":false},"excerpt":{"rendered":"<p>Liebe Ehemalige, wir freuen uns, dass Sie unser Schulleben weiter begleiten und begr\u00fc\u00dfen Sie auf unserer Homepage ganz herzlich! Neben Gruppenfotos unserer Abiturjahrg\u00e4nge der letzten Jahre finden Sie an dieser [&hellip;]<\/p>\n","protected":false},"author":1,"featured_media":0,"parent":1476,"menu_order":0,"comment_status":"closed","ping_status":"closed","template":"","meta":{"ocean_post_layout":"full-width","ocean_both_sidebars_style":"","ocean_both_sidebars_content_width":0,"ocean_both_sidebars_sidebars_width":0,"ocean_sidebar":"0","ocean_second_sidebar":"0","ocean_disable_margins":"enable","ocean_add_body_class":"","ocean_shortcode_before_top_bar":"","ocean_shortcode_after_top_bar":"","ocean_shortcode_before_header":"","ocean_shortcode_after_header":"","ocean_has_shortcode":"","ocean_shortcode_after_title":"","ocean_shortcode_before_footer_widgets":"","ocean_shortcode_after_footer_widgets":"","ocean_shortcode_before_footer_bottom":"","ocean_shortcode_after_footer_bottom":"","ocean_display_top_bar":"default","ocean_display_header":"default","ocean_header_style":"","ocean_center_header_left_menu":"0","ocean_custom_header_template":"0","ocean_custom_logo":0,"ocean_custom_retina_logo":0,"ocean_custom_logo_max_width":0,"ocean_custom_logo_tablet_max_width":0,"ocean_custom_logo_mobile_max_width":0,"ocean_custom_logo_max_height":0,"ocean_custom_logo_tablet_max_height":0,"ocean_custom_logo_mobile_max_height":0,"ocean_header_custom_menu":"0","ocean_menu_typo_font_family":"0","ocean_menu_typo_font_subset":"","ocean_menu_typo_font_size":0,"ocean_menu_typo_font_size_tablet":0,"ocean_menu_typo_font_size_mobile":0,"ocean_menu_typo_font_size_unit":"px","ocean_menu_typo_font_weight":"","ocean_menu_typo_font_weight_tablet":"","ocean_menu_typo_font_weight_mobile":"","ocean_menu_typo_transform":"","ocean_menu_typo_transform_tablet":"","ocean_menu_typo_transform_mobile":"","ocean_menu_typo_line_height":0,"ocean_menu_typo_line_height_tablet":0,"ocean_menu_typo_line_height_mobile":0,"ocean_menu_typo_line_height_unit":"","ocean_menu_typo_spacing":0,"ocean_menu_typo_spacing_tablet":0,"ocean_menu_typo_spacing_mobile":0,"ocean_menu_typo_spacing_unit":"","ocean_menu_link_color":"","ocean_menu_link_color_hover":"","ocean_menu_link_color_active":"","ocean_menu_link_background":"","ocean_menu_link_hover_background":"","ocean_menu_link_active_background":"","ocean_menu_social_links_bg":"","ocean_menu_social_hover_links_bg":"","ocean_menu_social_links_color":"","ocean_menu_social_hover_links_color":"","ocean_disable_title":"default","ocean_disable_heading":"default","ocean_post_title":"","ocean_post_subheading":"","ocean_post_title_style":"background-image","ocean_post_title_background_color":"","ocean_post_title_background":4201,"ocean_post_title_bg_image_position":"","ocean_post_title_bg_image_attachment":"","ocean_post_title_bg_image_repeat":"","ocean_post_title_bg_image_size":"","ocean_post_title_height":0,"ocean_post_title_bg_overlay":0.5,"ocean_post_title_bg_overlay_color":"","ocean_disable_breadcrumbs":"default","ocean_breadcrumbs_color":"","ocean_breadcrumbs_separator_color":"","ocean_breadcrumbs_links_color":"","ocean_breadcrumbs_links_hover_color":"","ocean_display_footer_widgets":"default","ocean_display_footer_bottom":"default","ocean_custom_footer_template":"0","omw_enable_modal_window":"enable","footnotes":""},"class_list":["post-1753","page","type-page","status-publish","hentry","entry"],"_links":{"self":[{"href":"https:\/\/www.fsg-ruethen.de\/fsg\/wp-json\/wp\/v2\/pages\/1753","targetHints":{"allow":["GET"]}}],"collection":[{"href":"https:\/\/www.fsg-ruethen.de\/fsg\/wp-json\/wp\/v2\/pages"}],"about":[{"href":"https:\/\/www.fsg-ruethen.de\/fsg\/wp-json\/wp\/v2\/types\/page"}],"author":[{"embeddable":true,"href":"https:\/\/www.fsg-ruethen.de\/fsg\/wp-json\/wp\/v2\/users\/1"}],"replies":[{"embeddable":true,"href":"https:\/\/www.fsg-ruethen.de\/fsg\/wp-json\/wp\/v2\/comments?post=1753"}],"version-history":[{"count":0,"href":"https:\/\/www.fsg-ruethen.de\/fsg\/wp-json\/wp\/v2\/pages\/1753\/revisions"}],"up":[{"embeddable":true,"href":"https:\/\/www.fsg-ruethen.de\/fsg\/wp-json\/"}],"wp:attachment":[{"href":"https:\/\/www.fsg-ruethen.de\/fsg\/wp-json\/wp\/v2\/media?parent=1753"}],"curies":[{"name":"wp","href":"https:\/\/api.w.org\/{rel}","templated":true}]}}