{"id":15535,"date":"2024-11-05T17:02:34","date_gmt":"2024-11-05T16:02:34","guid":{"rendered":"https:\/\/www.fsg-ruethen.de\/fsg\/?page_id=15535"},"modified":"2024-11-05T17:02:34","modified_gmt":"2024-11-05T16:02:34","slug":"stiftungen","status":"publish","type":"page","link":"https:\/\/www.fsg-ruethen.de\/fsg\/lernen\/stiftungen\/","title":{"rendered":"Stiftungen"},"content":{"rendered":"<div class=\"wp-block-image\">\n<figure class=\"alignright size-full\"><img decoding=\"async\" width=\"144\" height=\"144\" src=\"https:\/\/www.fsg-ruethen.de\/fsg\/wp-content\/uploads\/2024\/11\/ElenaBlessStiftung.png\" alt=\"\" class=\"wp-image-15536\"\/><\/figure>\n<\/div>\n\n\n<h2 class=\"wp-block-heading\">Elena Ble\u00df &#8211; Stiftung<\/h2>\n\n\n\n<p>Die Elena Ble\u00df-Stiftung aus Haltern am See unterst\u00fctzt unseren langj\u00e4hrigen Sch\u00fcleraustausch nach Frankreich. Zudem erhalten Sch\u00fclerinnen und Sch\u00fcler, die ihr Berufspraktikum im europ\u00e4ischen Ausland absolvieren, eine finanzielle F\u00f6rderung.<\/p>\n\n\n\n<h2 class=\"wp-block-heading\">Dr. Arnold Hueck &#8211; Stiftung<\/h2>\n\n\n<div class=\"wp-block-image\">\n<figure class=\"alignright size-full is-resized\"><img fetchpriority=\"high\" decoding=\"async\" width=\"1171\" height=\"99\" src=\"https:\/\/www.fsg-ruethen.de\/fsg\/wp-content\/uploads\/2024\/11\/Dr.-Arnold-Hueck-Stiftung_Logo-gross_22pt.jpg\" alt=\"\" class=\"wp-image-15540\" style=\"width:394px;height:auto\" srcset=\"https:\/\/www.fsg-ruethen.de\/fsg\/wp-content\/uploads\/2024\/11\/Dr.-Arnold-Hueck-Stiftung_Logo-gross_22pt.jpg 1171w, https:\/\/www.fsg-ruethen.de\/fsg\/wp-content\/uploads\/2024\/11\/Dr.-Arnold-Hueck-Stiftung_Logo-gross_22pt-300x25.jpg 300w, https:\/\/www.fsg-ruethen.de\/fsg\/wp-content\/uploads\/2024\/11\/Dr.-Arnold-Hueck-Stiftung_Logo-gross_22pt-768x65.jpg 768w\" sizes=\"(max-width: 1171px) 100vw, 1171px\" \/><\/figure>\n<\/div>\n\n\n<p>Durch die Dr. Arnold Hueck-Stiftung wird das Konzept &#8222;Laborlernen am FSG&#8220; j\u00e4hrlich finanziell unterst\u00fctzt, so dass der Besuch verschiedener au\u00dferschulischer Lernorte im MINT-Bereich m\u00f6glich ist. Weiterhin f\u00f6rdert die Stiftung die digitale und technische Ausstattung der Naturwissenschaften.<\/p>\n\n\n<div class=\"wp-block-image\">\n<figure class=\"alignright size-full\"><img decoding=\"async\" width=\"512\" height=\"171\" src=\"https:\/\/www.fsg-ruethen.de\/fsg\/wp-content\/uploads\/2024\/11\/nixdorf_logo.jpg\" alt=\"\" class=\"wp-image-15537\" srcset=\"https:\/\/www.fsg-ruethen.de\/fsg\/wp-content\/uploads\/2024\/11\/nixdorf_logo.jpg 512w, https:\/\/www.fsg-ruethen.de\/fsg\/wp-content\/uploads\/2024\/11\/nixdorf_logo-300x100.jpg 300w\" sizes=\"(max-width: 512px) 100vw, 512px\" \/><\/figure>\n<\/div>\n\n\n<h2 class=\"wp-block-heading\">HNF Paderborn<\/h2>\n\n\n\n<p>Das Heinz Nixdorf Museumsforum in Paderborn unterst\u00fctzt uns im Rahmen einer Partnerschaft bei Laborlernaktivit\u00e4ten und Sportveranstaltungen, z.B. beim Teambuilding in der Klasse 6, Programmierkursen und Experimenten aus dem Bereich Physik.<\/p>\n\n\n\n<p><\/p>\n","protected":false},"excerpt":{"rendered":"<p>Elena Ble\u00df &#8211; Stiftung Die Elena Ble\u00df-Stiftung aus Haltern am See unterst\u00fctzt unseren langj\u00e4hrigen Sch\u00fcleraustausch nach Frankreich. Zudem erhalten Sch\u00fclerinnen und Sch\u00fcler, die ihr Berufspraktikum im europ\u00e4ischen Ausland absolvieren, eine [&hellip;]<\/p>\n","protected":false},"author":6,"featured_media":0,"parent":1468,"menu_order":0,"comment_status":"closed","ping_status":"closed","template":"","meta":{"ocean_post_layout":"","ocean_both_sidebars_style":"","ocean_both_sidebars_content_width":0,"ocean_both_sidebars_sidebars_width":0,"ocean_sidebar":"","ocean_second_sidebar":"","ocean_disable_margins":"enable","ocean_add_body_class":"","ocean_shortcode_before_top_bar":"","ocean_shortcode_after_top_bar":"","ocean_shortcode_before_header":"","ocean_shortcode_after_header":"","ocean_has_shortcode":"","ocean_shortcode_after_title":"","ocean_shortcode_before_footer_widgets":"","ocean_shortcode_after_footer_widgets":"","ocean_shortcode_before_footer_bottom":"","ocean_shortcode_after_footer_bottom":"","ocean_display_top_bar":"default","ocean_display_header":"default","ocean_header_style":"","ocean_center_header_left_menu":"","ocean_custom_header_template":"","ocean_custom_logo":0,"ocean_custom_retina_logo":0,"ocean_custom_logo_max_width":0,"ocean_custom_logo_tablet_max_width":0,"ocean_custom_logo_mobile_max_width":0,"ocean_custom_logo_max_height":0,"ocean_custom_logo_tablet_max_height":0,"ocean_custom_logo_mobile_max_height":0,"ocean_header_custom_menu":"","ocean_menu_typo_font_family":"","ocean_menu_typo_font_subset":"","ocean_menu_typo_font_size":0,"ocean_menu_typo_font_size_tablet":0,"ocean_menu_typo_font_size_mobile":0,"ocean_menu_typo_font_size_unit":"px","ocean_menu_typo_font_weight":"","ocean_menu_typo_font_weight_tablet":"","ocean_menu_typo_font_weight_mobile":"","ocean_menu_typo_transform":"","ocean_menu_typo_transform_tablet":"","ocean_menu_typo_transform_mobile":"","ocean_menu_typo_line_height":0,"ocean_menu_typo_line_height_tablet":0,"ocean_menu_typo_line_height_mobile":0,"ocean_menu_typo_line_height_unit":"","ocean_menu_typo_spacing":0,"ocean_menu_typo_spacing_tablet":0,"ocean_menu_typo_spacing_mobile":0,"ocean_menu_typo_spacing_unit":"","ocean_menu_link_color":"","ocean_menu_link_color_hover":"","ocean_menu_link_color_active":"","ocean_menu_link_background":"","ocean_menu_link_hover_background":"","ocean_menu_link_active_background":"","ocean_menu_social_links_bg":"","ocean_menu_social_hover_links_bg":"","ocean_menu_social_links_color":"","ocean_menu_social_hover_links_color":"","ocean_disable_title":"default","ocean_disable_heading":"default","ocean_post_title":"","ocean_post_subheading":"","ocean_post_title_style":"","ocean_post_title_background_color":"","ocean_post_title_background":0,"ocean_post_title_bg_image_position":"","ocean_post_title_bg_image_attachment":"","ocean_post_title_bg_image_repeat":"","ocean_post_title_bg_image_size":"","ocean_post_title_height":0,"ocean_post_title_bg_overlay":0.5,"ocean_post_title_bg_overlay_color":"","ocean_disable_breadcrumbs":"default","ocean_breadcrumbs_color":"","ocean_breadcrumbs_separator_color":"","ocean_breadcrumbs_links_color":"","ocean_breadcrumbs_links_hover_color":"","ocean_display_footer_widgets":"default","ocean_display_footer_bottom":"default","ocean_custom_footer_template":"","omw_enable_modal_window":"enable","footnotes":""},"class_list":["post-15535","page","type-page","status-publish","hentry","entry"],"_links":{"self":[{"href":"https:\/\/www.fsg-ruethen.de\/fsg\/wp-json\/wp\/v2\/pages\/15535","targetHints":{"allow":["GET"]}}],"collection":[{"href":"https:\/\/www.fsg-ruethen.de\/fsg\/wp-json\/wp\/v2\/pages"}],"about":[{"href":"https:\/\/www.fsg-ruethen.de\/fsg\/wp-json\/wp\/v2\/types\/page"}],"author":[{"embeddable":true,"href":"https:\/\/www.fsg-ruethen.de\/fsg\/wp-json\/wp\/v2\/users\/6"}],"replies":[{"embeddable":true,"href":"https:\/\/www.fsg-ruethen.de\/fsg\/wp-json\/wp\/v2\/comments?post=15535"}],"version-history":[{"count":2,"href":"https:\/\/www.fsg-ruethen.de\/fsg\/wp-json\/wp\/v2\/pages\/15535\/revisions"}],"predecessor-version":[{"id":15541,"href":"https:\/\/www.fsg-ruethen.de\/fsg\/wp-json\/wp\/v2\/pages\/15535\/revisions\/15541"}],"up":[{"embeddable":true,"href":"https:\/\/www.fsg-ruethen.de\/fsg\/wp-json\/wp\/v2\/pages\/1468"}],"wp:attachment":[{"href":"https:\/\/www.fsg-ruethen.de\/fsg\/wp-json\/wp\/v2\/media?parent=15535"}],"curies":[{"name":"wp","href":"https:\/\/api.w.org\/{rel}","templated":true}]}}